 - 5*j + 0 - 15*j**3. Calculate q(3).
-12
Let b(z) = -z**3 - 4*z**2 + 4*z + 1. Let y = -5 + 2. Let l(d) = -d**3 - 4*d**2 - 2*d + 1. Let w be l(y). Let u be w/(7/((-70)/(-4))). Give b(u).
6
Suppose 0*v = 2*v. Let g(s) = s**3 + s**2. Suppose 2*z = 8, -7*z = 3*h - 2*z - 17. Let o(y) = -7*y**3 - 5*y**2 - 14. Let n(w) = h*o(w) - 6*g(w). Give n(v).
14
Let q be (-31)/(-7) - (-15)/(-35). Suppose 0*o + 67 = -5*l + 3*o, -l - 27 = -q*o. Let b = 12 + l. Let y(z) = 5*z - 1. Give y(b).
4
Let y(l) = -2*l**2 + 4*l + 4. Suppose -25 = 2*d - 35. Give y(d).
-26
Let m(q) = q - 3. Let b(n) = n - 12. Let a(t) = b(t) - 2*m(t). Determine a(-6).
0
Let h(m) = 2*m - 2. Suppose 50 - 197 = 7*s. Let w be ((-20)/6)/(-1) + 7/s. Determine h(w).
4
Let m(v) be the third derivative of -v**6/120 + 2*v**5/15 + 3*v**3/2 - 241*v**2. Calculate m(8).
9
Suppose 5*q + 25*q - 30 = 0. Let h(r) = r**3 + r - 1. Determine h(q).
1
Let z(x) = -x**3 - 5*x**2 - 2*x - 2. Let b(q) = -2*q**2 + q - 1. Let c(l) = b(l) - z(l). What is c(-3)?
-8
Let x be 6/3 + -32 - (19 - 25). Let y(s) = -s**2 - 25*s - 17. Determine y(x).
7
Let g(i) = i**2 - 5*i + 7. Let v be g(3). Let y be -3 + (v - (-1 - 0)*-5). Let w(f) = -f**3 - 8*f**2 - 6*f - 1. Determine w(y).
-8
Let g(i) be the third derivative of -5*i**4/6 - i**3/6 + 20*i**2 + 1. Determine g(1).
-21
Let l(o) = 6*o + 74. Let h be l(-12). Let a(s) be the second derivative of -s**4/12 - s**3/3 - s**2/2 - 5*s. Give a(h).
-9
Let f(d) be the second derivative of -d**3/6 - 5*d**2 + 1011*d. Calculate f(5).
-15
Let n = 34 + -27. Let o(z) = z - 3 + 4 + n. Calculate o(-10).
-2
Let n(j) = 11 + 6 - 6 + 40*j**3 - 8*j**2 - 41*j**3 + 9*j. What is n(-9)?
11
Let x(n) = n + 4 - 7 + 6. Calculate x(-6).
-3
Let m(f) = 17*f + 26. Let y(n) = 8*n + 11. Let o(l) = -6*m(l) + 13*y(l). Determine o(6).
-1
Let z be 13 + -9 + -8 + 10. Let v(d) = d**3 - 7*d**2 + 3*d + 9. What is v(z)?
-9
Suppose 2*d - a = -18, -4*d - 5*a + 0*a = 36. Let u(o) = 2*o**3 + 19*o**2 + 10*o + 7. Give u(d).
-2
Let w(r) = 2*r**2 + 1. Let m be w(-1). Let u(y) = 192*y**3 + 2*y + y**2 + 200*y**3 + 194*y**3 - 5*y**2 - 2 - 585*y**3. Calculate u(m).
-5
Let j(d) = -11*d**2 - 1. Let q be 11/6 - (-4)/(-120)*-5. Suppose -q = 25*c - 23*c. Calculate j(c).
-12
Let d(u) = -2*u - 859 + 427 - u + 430. Calculate d(-4).
10
Suppose 0 = 5*x - x - 20. Suppose 0 = -4*n - 3*b + 14, -5*n - x*b + 6 + 9 = 0. Let a(q) = -q + 10. What is a(n)?
5
Let g be 1 + (1 + -2 - -3). Let u(r) = 3*r**3 + 13*r**2 - 4. Let t(w) = 2*w**3 + 7*w**2 - 2. Let x(v) = 5*t(v) - 3*u(v). Give x(g).
-7
Let q(w) = w**3 + 8*w**2 - 13*w - 37. Let r be q(-9). Let t be 2/((-2)/(-3)) + 2. Let o(x) = -x - 2*x - t + 4. Determine o(r).
2
Suppose -3*g + 4 = -2. Let q(y) be the second derivative of y**2 - 1/6*y**3 + 0 - 16*y. Give q(g).
0
Let c = 11 + -11. Suppose c = -4*o + 4 - 28. Let w(v) = 2*v - 3 - 3 - v**3 + 4*v - 5*v**2. Give w(o).
-6
Let j(k) = -k**2 - 12*k - 8. Let m be j(-10). Let g be (-94)/m + 4/(-24). Let r(w) = w**2 + 7*w - 4. Give r(g).
4
Let y(w) = 12*w - 3. Suppose 2*i = p - 4*p - 8, 5*i = -4*p - 6. Suppose i*h - 6 = -2. Calculate y(h).
21
Let h(k) = -k**2 + 2*k + 2. Suppose 18*w - 31*w + 78 = 0. Calculate h(w).
-22
Let p(f) = -f + 3. Suppose -3*b + 2 - 3 = h, 3*b + 5 = -2*h. Let q be -1*((6 - 2) + -1). Let s = b - q. Determine p(s).
-1
Let m(g) be the third derivative of g**6/120 + g**5/30 - g**4/6 - g**3/6 - 419*g**2. Suppose -4*k = -7*k + 21. Let s = -10 + k. Give m(s).
2
Let n(z) = -14*z + 1. Let y(c) = -11*c. Let x(a) = -4*n(a) + 5*y(a). Suppose 4*o = -4*l + 24, 4*l = 2*o - 0*l - 6. Let i be 1/(o/(-4) - -1). Determine x(i).
-8
Let a(o) be the second derivative of -o**5/4 + 5*o**3/3 + 5*o**2/2 + 31*o. Let r(u) = u**3 + u**2 - u - 1. Let y(i) = a(i) + 6*r(i). What is y(-5)?
4
Let v be 22/(5 + (-163)/33). Let n(h) = 4 - h**2 - v*h + 366*h - 3. Calculate n(3).
1
Let c be (-15)/3 + (-1 - -2). Let f = 0 - -2. Let d(b) = b - 2 + 0 - f + 0*b. Calculate d(c).
-8
Let t(k) = -k**3 + 16*k**2 + 16*k + 19. Suppose 21*h + 6*h = 459. Determine t(h).
2
Let j(g) = g**3 + 1. Let v(b) = 6*b**3 + 4*b + 5. Let c(m) = 5*j(m) - v(m). Let u(n) be the second derivative of c(n). Determine u(-1).
6
Let i(z) = z**2 - 9*z + 8. Suppose -3*o = -5*u - 2*o + 22, -3*u + 30 = 5*o. Suppose -u*y + 48 = -2*c, -4*y + 6*c - 2*c + 48 = 0. What is i(y)?
0
Let s(b) be the third derivative of b**4/8 - 13*b**3/6 + 405*b**2. Calculate s(5).
2
Let j(u) = 2*u - u + 2*u - 6. Let l(s) = -9*s**2 - 4*s + 4. Let p be l(4). Let f = -152 - p. Give j(f).
6
Let k(b) = -b + 7. Let u(d) = -7*d**2 - 3*d - 1. Let z be u(3). Let a = 73 + z. Give k(a).
7
Let v(q) = 14*q + 64. Let y(z) = 26*z + 107. Let t(b) = 5*v(b) - 3*y(b). Let j be 19/7 - 4/(-14). Calculate t(j).
-25
Let n(b) be the third derivative of -b**5/60 + b**4/24 - 7*b**3/3 + 57*b**2 - 2. Calculate n(0).
-14
Let f = -224 + 124. Let i = f - -104. Let l(c) be the first derivative of c**2/2 - 6*c + 1. Determine l(i).
-2
Let q(a) = -2*a. Suppose -m = -3*f + 9, 2*f + 8*m - 11 = 7*m. Determine q(f).
-8
Let q be (2/(-4))/((-1)/(-22)). Let t be (q/(-22))/(1/(-2)). Let g(w) = 7*w**2 + 2*w + 1. What is g(t)?
6
Let u(b) = 6*b**2 + b + 2. Suppose -k = 2*k - 3, 0 = x + 5*k + 54. Let s = 57 + x. Calculate u(s).
24
Suppose 3*g + 1 - 22 = 4*f, -g = 4*f - 7. Let w(i) = 5 - g + i**3 - 4*i + i**2 - 1 + 5*i. Let h be 0/((-1)/((-2)/(-4))). Give w(h).
-3
Let j(s) = -s. Let k(g) = -22*g**3 + 2*g**2 + 2*g + 1. Let t be k(-1). Let d = 17 - t. Calculate j(d).
6
Let x(q) = -3*q + 2*q + 2 - q. Let o = 10 + -5. Calculate x(o).
-8
Let w(d) = 0*d + 4 + 8*d - 2*d. Let g(a) = 7*a + 4. Let c(f) = 4*g(f) - 5*w(f). Give c(-5).
6
Let k(s) = -s**3 - 12*s**2 - 9*s + 17. Let l = -994 + 983. Determine k(l).
-5
Suppose -5*y = -5*s + 15, -s = 13*y - 15*y - 1. Let l(o) = 2*o**3 - 2*o**2 - 5*o + 7. What is l(y)?
5
Let f(b) = 3*b**2 + 1 - 4*b**3 - 2*b - 7*b - 3*b**3 + 8*b**3. What is f(-5)?
-4
Let o(r) = 5*r**3 - 2*r**2 - 6*r + 9. Let d(i) = -6*i**3 + i**2 + 7*i - 10. Let l(p) = -4*d(p) - 5*o(p). Calculate l(6).
7
Let c(i) be the second derivative of i**5/20 - 7*i**4/12 + 2*i**3/3 + 7*i**2/2 + 52*i. Determine c(6).
-5
Let h be 29 + 2 + (7 - 6). Let a = 25 - h. Let t(g) = g**3 + 7*g**2 - 1. Determine t(a).
-1
Suppose 4*x + 29 = -5*s, 13*s + x - 4 = 14*s. Let t(v) = v**3 + 3*v**2 - 9*v + 3. What is t(s)?
-2
Let x(y) = -y**2 - 6*y - 7. Suppose 5*d = -3 - 12, -i = -4*d - 18. Let v(a) = -a**2 - 6*a - 7. Let q(r) = i*x(r) - 7*v(r). Determine q(-5).
2
Let r(g) = -g**2 + 15*g - 2*g + 4 - 17*g. Determine r(-5).
-1
Let y(m) = -7 + 6*m - 5*m**2 + 24 + 3*m**2 + m**2 - 1. Calculate y(6).
16
Let y(x) = -2*x + 1. Let m = -30 + 31. Suppose -13 + m = -2*d. Determine y(d).
-11
Let l(o) = -22*o + 1 + o**3 + 29*o + 5*o**2 - 5*o. What is l(-3)?
13
Let g(n) = 3 + 49*n + 40*n - 2 - 6*n**2 - 91*n. Determine g(-2).
-19
Let l(t) be the first derivative of -t**3/3 + 4*t**2 - 9*t - 55. Let i(a) = a - 3. Let p be i(-5). Let h be (1 - 5) + 2 - p. Calculate l(h).
3
Suppose 3*a - 8*a - 5*r = -30, -2*a - 3*r = -15. Let f(p) = p**2 - 6. Calculate f(a).
3
Suppose -4*m + m = -36. Suppose 1 - m = 3*z + u, 3*z + 5*u = -7. Let a(y) = 3*y**2 + 19 - 7 + y**3 - 5*y - 15. What is a(z)?
1
Let t(d) = -d**3 - 15*d**2 + 4. Let m be t(-15). Let w be 2/(-7) + (-18)/(-14). Let h(l) = -4*l + w + 5 + 0. What is h(m)?
-10
Let z = -40 - -35. Let k be (2 - -1) + (-7 - z) + -3. Let r(u) = -u - 1. Calculate r(k).
1
Let v(t) = -7*t + 30. Let j(a) = 3*a - 11. Let k(f) = -5*j(f) - 2*v(f). What is k(5)?
-10
Let w(y) = -2*y - 10. Let n = -29 - -22. Let r be w(n). Let p(g) = -g**3 + 5*g**2 - 3*g - 2. What is p(r)?
2
Let g(f) be the second derivative of f**5/10 + f**4/6 + 3*f**3/2 - 2*f**2 + f. Let x(k) = -k**3 - k**2 - 4*k + 2. Let q(a) = 4*g(a) + 9*x(a). Give q(0).
2
Let l(k) = k**2 + 6*k + 5. Let o(v) be the second derivative of -v**5/20 - 5*v**4/6 - v**3 + 2*v**2 - 2*v. Let g be o(-9). Let t = g + 17. Calculate l(t).
5
Let y(j) = 121*j + 3029. Let n be y(-25). Let i(b) = 5*b**2 - 6*b + 8. Let w(t) = 14*t**2 - 18*t + 23. Let r(u) = 11*i(u) - 4*w(u). What is r(n)?
4
Let l(b) = b**2 - 6*b - 2. Let q(n) = n**2 - 30*n + 206. Let z be q(20). Calculate l(z).
-2
Let h(n) = -n**3 + 6*n**2 + n - 5. Let c = -306 + 78. Let g be ((-2)/2)/((-4)/c). Let m be (-19)/g + (-34)/(-